{"id":3228,"date":"2022-05-25T23:08:33","date_gmt":"2022-05-26T02:08:33","guid":{"rendered":"https:\/\/ibp.crp.ufv.br\/?page_id=3228"},"modified":"2025-03-26T08:47:23","modified_gmt":"2025-03-26T11:47:23","slug":"transporte-compartilhado","status":"publish","type":"page","link":"https:\/\/ibp.crp.ufv.br\/?page_id=3228","title":{"rendered":"Planejamento de Transportes Compartilhados"},"content":{"rendered":"<p>&nbsp;<\/p>\r\n<h4><strong><span style=\"color: #ff0000;\">Para incluir um transporte, preencha este<\/span> <a href=\"https:\/\/forms.gle\/aNJq4NmgS1LkWQzi6\">FORMUL\u00c1RIO<\/a>.<\/strong><\/h4>\r\n<p>&nbsp;<\/p>\r\n<p>A atualiza\u00e7\u00e3o do calend\u00e1rio pode levar at\u00e9 15 minutos ap\u00f3s o preenchimento do formul\u00e1rio. Ap\u00f3s este tempo a p\u00e1gina dever\u00e1 ser recarregada para efetivar a atualiza\u00e7\u00e3o.<\/p>\r\n<p>Os transportes cadastrados podem ser visualizados no calend\u00e1rio abaixo ou atrav\u00e9s desta <a href=\"https:\/\/docs.google.com\/spreadsheets\/d\/1r_wlG0DJc1OswP3r9W51x1WnQzpwz1UC-NFnkXWXuc0\/\" target=\"_blank\" rel=\"noopener noreferrer\"><strong>PLANILHA<\/strong><\/a>.<\/p>\r\n<p>Para fazer a exclus\u00e3o de um evento da agenda \u00e9 necess\u00e1rio solicitar ao IBP atrav\u00e9s do e-mail.<\/p>\r\n<p>&nbsp;<\/p>\r\n\r\n<p><iframe loading=\"lazy\" style=\"border-width: 0;\" src=\"https:\/\/calendar.google.com\/calendar\/embed?height=600&amp;wkst=1&amp;bgcolor=%23ffffff&amp;ctz=America%2FSao_Paulo&amp;showTitle=0&amp;showTz=1&amp;showCalendars=0&amp;showTabs=0&amp;src=NWJrdG8yOWlva2o0OHNkbWM1dmpuM2pkNHNAZ3JvdXAuY2FsZW5kYXIuZ29vZ2xlLmNvbQ&amp;src=cHQuYnJhemlsaWFuI2hvbGlkYXlAZ3JvdXAudi5jYWxlbmRhci5nb29nbGUuY29t&amp;color=%237986CB&amp;color=%230B8043\" width=\"800\" height=\"600\" frameborder=\"0\" scrolling=\"no\"><\/iframe><\/p>\r\n","protected":false},"excerpt":{"rendered":"<p>&nbsp; Para incluir um transporte, preencha este FORMUL\u00c1RIO. &nbsp; A atualiza\u00e7\u00e3o do calend\u00e1rio pode levar at\u00e9 15 minutos ap\u00f3s o preenchimento do formul\u00e1rio. Ap\u00f3s este tempo a p\u00e1gina dever\u00e1 ser recarregada para efetivar a atualiza\u00e7\u00e3o. Os transportes cadastrados podem ser visualizados no calend\u00e1rio abaixo ou atrav\u00e9s desta PLANILHA. Para fazer a exclus\u00e3o de um evento [&hellip;]<\/p>\n","protected":false},"author":6,"featured_media":0,"parent":0,"menu_order":0,"comment_status":"closed","ping_status":"closed","template":"","meta":{"footnotes":""},"class_list":["post-3228","page","type-page","status-publish","hentry"],"_links":{"self":[{"href":"https:\/\/ibp.crp.ufv.br\/index.php?rest_route=\/wp\/v2\/pages\/3228","targetHints":{"allow":["GET"]}}],"collection":[{"href":"https:\/\/ibp.crp.ufv.br\/index.php?rest_route=\/wp\/v2\/pages"}],"about":[{"href":"https:\/\/ibp.crp.ufv.br\/index.php?rest_route=\/wp\/v2\/types\/page"}],"author":[{"embeddable":true,"href":"https:\/\/ibp.crp.ufv.br\/index.php?rest_route=\/wp\/v2\/users\/6"}],"replies":[{"embeddable":true,"href":"https:\/\/ibp.crp.ufv.br\/index.php?rest_route=%2Fwp%2Fv2%2Fcomments&post=3228"}],"version-history":[{"count":20,"href":"https:\/\/ibp.crp.ufv.br\/index.php?rest_route=\/wp\/v2\/pages\/3228\/revisions"}],"predecessor-version":[{"id":3470,"href":"https:\/\/ibp.crp.ufv.br\/index.php?rest_route=\/wp\/v2\/pages\/3228\/revisions\/3470"}],"wp:attachment":[{"href":"https:\/\/ibp.crp.ufv.br\/index.php?rest_route=%2Fwp%2Fv2%2Fmedia&parent=3228"}],"curies":[{"name":"wp","href":"https:\/\/api.w.org\/{rel}","templated":true}]}}

<p>&nbsp;</p>
<h4><strong><span style="color: #ff0000;">Para incluir um transporte, preencha este</span> <a href="https://forms.gle/aNJq4NmgS1LkWQzi6">FORMULÁRIO</a>.</strong></h4>
<p>&nbsp;</p>
<p>A atualização do calendário pode levar até 15 minutos após o preenchimento do formulário. Após este tempo a página deverá ser recarregada para efetivar a atualização.</p>
<p>Os transportes cadastrados podem ser visualizados no calendário abaixo ou através desta <a href="https://docs.google.com/spreadsheets/d/1r_wlG0DJc1OswP3r9W51x1WnQzpwz1UC-NFnkXWXuc0/" target="_blank" rel="noopener noreferrer"><strong>PLANILHA</strong></a>.</p>
<p>Para fazer a exclusão de um evento da agenda é necessário solicitar ao IBP através do e-mail.</p>
<p>&nbsp;</p>

<p><iframe loading="lazy" style="border-width: 0;" src="https://calendar.google.com/calendar/embed?height=600&amp;wkst=1&amp;bgcolor=%23ffffff&amp;ctz=America%2FSao_Paulo&amp;showTitle=0&amp;showTz=1&amp;showCalendars=0&amp;showTabs=0&amp;src=NWJrdG8yOWlva2o0OHNkbWM1dmpuM2pkNHNAZ3JvdXAuY2FsZW5kYXIuZ29vZ2xlLmNvbQ&amp;src=cHQuYnJhemlsaWFuI2hvbGlkYXlAZ3JvdXAudi5jYWxlbmRhci5nb29nbGUuY29t&amp;color=%237986CB&amp;color=%230B8043" width="800" height="600" frameborder="0" scrolling="no"></iframe></p>

<p>&nbsp; Para incluir um transporte, preencha este FORMULÁRIO. &nbsp; A atualização do calendário pode levar até 15 minutos após o preenchimento do formulário. Após este tempo a página deverá ser recarregada para efetivar a atualização. Os transportes cadastrados podem ser visualizados no calendário abaixo ou através desta PLANILHA. Para fazer a exclusão de um evento [&hellip;]</p>
