{"id":2900,"date":"2020-12-18T17:48:50","date_gmt":"2020-12-18T20:48:50","guid":{"rendered":"https:\/\/ibp.crp.ufv.br\/?page_id=2900"},"modified":"2023-10-05T09:37:47","modified_gmt":"2023-10-05T12:37:47","slug":"docentes-efetivos","status":"publish","type":"page","link":"https:\/\/ibp.crp.ufv.br\/?page_id=2900","title":{"rendered":"Docentes Efetivos"},"content":{"rendered":"<p>Bruna Cristina dos Santos Cruz<br \/>\nTelefone: 9457<br \/>\nSala: LAE 118<br \/>\nE-mail: bruna.cruz@ufv.br<\/p>\n<p>Cassiana Regina de Goes<br \/>\nTelefone: 3855-8139<br \/>\nSala: Ambulat\u00f3rio de Nutri\u00e7\u00e3o<br \/>\nE-mail: cassiana.goes@ufv.br<\/p>\n<p>Edmilson Amaral de Souza<br \/>\nTelefone: 9469<br \/>\nSala: LAE 112<br \/>\nE-mail:\u00a0edmilson.souza@ufv.br<\/p>\n<p>Felipe Zilio<br \/>\nTelefone: 9518<br \/>\nSala: LAE 176<br \/>\nE-mail:\u00a0felipe.zilio@ufv.br<\/p>\n<p>Jaqueline Dias Pereira<br \/>\nTelefone: 9472<br \/>\nSala: LAE 115<br \/>\nE-mail:\u00a0jaqueline.dias@ufv.br<\/p>\n<p>Karine Frehner Kavalco<br \/>\nTelefone: 9459<br \/>\nSala: LAE 102<br \/>\nE-mail:\u00a0kavalco@ufv.br<\/p>\n<p>Karine de Oliveira Gomes<br \/>\nTelefone: 9465<br \/>\nSala: LAE 108<br \/>\nE-mail:\u00a0karine.gomes@ufv.br<\/p>\n<p>Liliane Evangelista Vis\u00f4tto<br \/>\nTelefone: 9454<br \/>\nSala: LAE 121<br \/>\nE-mail:\u00a0lvisotto@ufv.br<\/p>\n<p>Luanda Medeiros Santana<br \/>\nTelefone: 9456<br \/>\nSala: LAE 117<br \/>\nE-mail:\u00a0luanda.santana@ufv.br<\/p>\n<p>Luciane Cristina de Oliveira Lisboa<br \/>\nTelefone: 9467<br \/>\nSala: LAE 110<br \/>\nE-mail:\u00a0luciane.lisboa@ufv.br<\/p>\n<p>Luciano Bueno dos Reis<br \/>\nTelefone: 9470<br \/>\nSala: LAE 113<br \/>\nE-mail:\u00a0luciano.bueno@ufv.br<\/p>\n<p>Marcelo Ribeiro Pereira<br \/>\nTelefone: 9520<br \/>\nSala: LAE 174<br \/>\nE-mail:\u00a0marcelo.ribeiropereira@ufv.br<\/p>\n<p>Marlon Correa Pereira<br \/>\nTelefone: 9468<br \/>\nSala: LAE 111<br \/>\nE-mail:\u00a0marlon.pereira@ufv.br<\/p>\n<p>Martha Elisa Ferreira de Almeida<br \/>\nTelefone: 9466<br \/>\nSala: LAE 109<br \/>\nE-mail:\u00a0martha.almeida@ufv.br<\/p>\n<p>Meire de Oliveira Barbosa<br \/>\nTelefone: 9336\/9456<br \/>\nSala: BBT 206 \/ LAE 117<br \/>\nE-mail:\u00a0meire.barbosa@ufv.br<\/p>\n<p>Moema Lopes Ramos<br \/>\nTelefone: 9460<br \/>\nSala: LAE 103<br \/>\nE-mail:\u00a0moema.lopes@ufv.br<\/p>\n<p>Monise Viana Abranches<br \/>\nTelefone: 9473<br \/>\nSala: LAE 116<br \/>\nE-mail: monise.abranches@ufv.br<\/p>\n<p>Raquel Ferreira Miranda<br \/>\nTelefone: 9462<br \/>\nSala: LAE 105<br \/>\nE-mail: raquel.miranda@ufv.br<\/p>\n<p>Regiane Lopes de Sales<br \/>\nTelefone: 9455<br \/>\nSala: LAE 119<br \/>\nE-mail:\u00a0regiane@ufv.br<\/p>\n<p>Rubens Pasa<br \/>\nTelefone: 9458<br \/>\nSala: LAE 101<br \/>\nE-mail:\u00a0rpasa@ufv.br<\/p>\n<p>Sabrina da Silva Pinheiro de Almeida<br \/>\nTelefone: 9464<br \/>\nSala: LAE 107<br \/>\nE-mail:\u00a0sabrina.almeida@ufv.br<\/p>\n<p>Silvana da Costa Ferreira<br \/>\nTelefone: 9463<br \/>\nSala: LAE 106<br \/>\nE-mail:\u00a0silvanacferreira@ufv.br<\/p>\n<p>Tatiana Coura Oliveira<br \/>\nTelefone: 9471<br \/>\nSala: LAE 114<br \/>\nE-mail: tatiana.coura@ufv.br<\/p>\n<p>Virginia Souza Santos<br \/>\nTelefone: 9461<br \/>\nSala: LAE 104<br \/>\nE-mail:\u00a0virginiasantos@ufv.br<\/p>\n","protected":false},"excerpt":{"rendered":"<p>Bruna Cristina dos Santos Cruz Telefone: 9457 Sala: LAE 118 E-mail: bruna.cruz@ufv.br Cassiana Regina de Goes Telefone: 3855-8139 Sala: Ambulat\u00f3rio de Nutri\u00e7\u00e3o E-mail: cassiana.goes@ufv.br Edmilson Amaral de Souza Telefone: 9469 Sala: LAE 112 E-mail:\u00a0edmilson.souza@ufv.br Felipe Zilio Telefone: 9518 Sala: LAE 176 E-mail:\u00a0felipe.zilio@ufv.br Jaqueline Dias Pereira Telefone: 9472 Sala: LAE 115 E-mail:\u00a0jaqueline.dias@ufv.br Karine Frehner Kavalco Telefone: [&hellip;]<\/p>\n","protected":false},"author":6,"featured_media":0,"parent":0,"menu_order":0,"comment_status":"closed","ping_status":"closed","template":"","meta":{"footnotes":""},"class_list":["post-2900","page","type-page","status-publish","hentry"],"_links":{"self":[{"href":"https:\/\/ibp.crp.ufv.br\/index.php?rest_route=\/wp\/v2\/pages\/2900","targetHints":{"allow":["GET"]}}],"collection":[{"href":"https:\/\/ibp.crp.ufv.br\/index.php?rest_route=\/wp\/v2\/pages"}],"about":[{"href":"https:\/\/ibp.crp.ufv.br\/index.php?rest_route=\/wp\/v2\/types\/page"}],"author":[{"embeddable":true,"href":"https:\/\/ibp.crp.ufv.br\/index.php?rest_route=\/wp\/v2\/users\/6"}],"replies":[{"embeddable":true,"href":"https:\/\/ibp.crp.ufv.br\/index.php?rest_route=%2Fwp%2Fv2%2Fcomments&post=2900"}],"version-history":[{"count":3,"href":"https:\/\/ibp.crp.ufv.br\/index.php?rest_route=\/wp\/v2\/pages\/2900\/revisions"}],"predecessor-version":[{"id":3365,"href":"https:\/\/ibp.crp.ufv.br\/index.php?rest_route=\/wp\/v2\/pages\/2900\/revisions\/3365"}],"wp:attachment":[{"href":"https:\/\/ibp.crp.ufv.br\/index.php?rest_route=%2Fwp%2Fv2%2Fmedia&parent=2900"}],"curies":[{"name":"wp","href":"https:\/\/api.w.org\/{rel}","templated":true}]}}

<p>Bruna Cristina dos Santos Cruz<br />
Telefone: 9457<br />
Sala: LAE 118<br />
E-mail: bruna.cruz@ufv.br</p>
<p>Cassiana Regina de Goes<br />
Telefone: 3855-8139<br />
Sala: Ambulatório de Nutrição<br />
E-mail: cassiana.goes@ufv.br</p>
<p>Edmilson Amaral de Souza<br />
Telefone: 9469<br />
Sala: LAE 112<br />
E-mail: edmilson.souza@ufv.br</p>
<p>Felipe Zilio<br />
Telefone: 9518<br />
Sala: LAE 176<br />
E-mail: felipe.zilio@ufv.br</p>
<p>Jaqueline Dias Pereira<br />
Telefone: 9472<br />
Sala: LAE 115<br />
E-mail: jaqueline.dias@ufv.br</p>
<p>Karine Frehner Kavalco<br />
Telefone: 9459<br />
Sala: LAE 102<br />
E-mail: kavalco@ufv.br</p>
<p>Karine de Oliveira Gomes<br />
Telefone: 9465<br />
Sala: LAE 108<br />
E-mail: karine.gomes@ufv.br</p>
<p>Liliane Evangelista Visôtto<br />
Telefone: 9454<br />
Sala: LAE 121<br />
E-mail: lvisotto@ufv.br</p>
<p>Luanda Medeiros Santana<br />
Telefone: 9456<br />
Sala: LAE 117<br />
E-mail: luanda.santana@ufv.br</p>
<p>Luciane Cristina de Oliveira Lisboa<br />
Telefone: 9467<br />
Sala: LAE 110<br />
E-mail: luciane.lisboa@ufv.br</p>
<p>Luciano Bueno dos Reis<br />
Telefone: 9470<br />
Sala: LAE 113<br />
E-mail: luciano.bueno@ufv.br</p>
<p>Marcelo Ribeiro Pereira<br />
Telefone: 9520<br />
Sala: LAE 174<br />
E-mail: marcelo.ribeiropereira@ufv.br</p>
<p>Marlon Correa Pereira<br />
Telefone: 9468<br />
Sala: LAE 111<br />
E-mail: marlon.pereira@ufv.br</p>
<p>Martha Elisa Ferreira de Almeida<br />
Telefone: 9466<br />
Sala: LAE 109<br />
E-mail: martha.almeida@ufv.br</p>
<p>Meire de Oliveira Barbosa<br />
Telefone: 9336/9456<br />
Sala: BBT 206 / LAE 117<br />
E-mail: meire.barbosa@ufv.br</p>
<p>Moema Lopes Ramos<br />
Telefone: 9460<br />
Sala: LAE 103<br />
E-mail: moema.lopes@ufv.br</p>
<p>Monise Viana Abranches<br />
Telefone: 9473<br />
Sala: LAE 116<br />
E-mail: monise.abranches@ufv.br</p>
<p>Raquel Ferreira Miranda<br />
Telefone: 9462<br />
Sala: LAE 105<br />
E-mail: raquel.miranda@ufv.br</p>
<p>Regiane Lopes de Sales<br />
Telefone: 9455<br />
Sala: LAE 119<br />
E-mail: regiane@ufv.br</p>
<p>Rubens Pasa<br />
Telefone: 9458<br />
Sala: LAE 101<br />
E-mail: rpasa@ufv.br</p>
<p>Sabrina da Silva Pinheiro de Almeida<br />
Telefone: 9464<br />
Sala: LAE 107<br />
E-mail: sabrina.almeida@ufv.br</p>
<p>Silvana da Costa Ferreira<br />
Telefone: 9463<br />
Sala: LAE 106<br />
E-mail: silvanacferreira@ufv.br</p>
<p>Tatiana Coura Oliveira<br />
Telefone: 9471<br />
Sala: LAE 114<br />
E-mail: tatiana.coura@ufv.br</p>
<p>Virginia Souza Santos<br />
Telefone: 9461<br />
Sala: LAE 104<br />
E-mail: virginiasantos@ufv.br</p>

<p>Bruna Cristina dos Santos Cruz Telefone: 9457 Sala: LAE 118 E-mail: bruna.cruz@ufv.br Cassiana Regina de Goes Telefone: 3855-8139 Sala: Ambulatório de Nutrição E-mail: cassiana.goes@ufv.br Edmilson Amaral de Souza Telefone: 9469 Sala: LAE 112 E-mail: edmilson.souza@ufv.br Felipe Zilio Telefone: 9518 Sala: LAE 176 E-mail: felipe.zilio@ufv.br Jaqueline Dias Pereira Telefone: 9472 Sala: LAE 115 E-mail: jaqueline.dias@ufv.br Karine Frehner Kavalco Telefone: [&hellip;]</p>
