{"id":2881,"date":"2020-12-18T10:21:37","date_gmt":"2020-12-18T13:21:37","guid":{"rendered":"https:\/\/ibp.crp.ufv.br\/?page_id=2881"},"modified":"2020-12-18T10:23:49","modified_gmt":"2020-12-18T13:23:49","slug":"estrutura-organizacional","status":"publish","type":"page","link":"https:\/\/ibp.crp.ufv.br\/?page_id=2881","title":{"rendered":"Estrutura Organizacional"},"content":{"rendered":"<p><strong>A estrutura organizacional do IBP ser\u00e1 composta por:<\/strong><\/p>\n<p>&#8211; Corpo docente e pessoal t\u00e9cnico-administrativo;<\/p>\n<p>&#8211; Colegiado do Instituto;<\/p>\n<p>&#8211; Chefia do Instituto; e<\/p>\n<p>&#8211; Instala\u00e7\u00f5es e demais recursos materiais.<\/p>\n\n\n<p><\/p>\n","protected":false},"excerpt":{"rendered":"<p>A estrutura organizacional do IBP ser\u00e1 composta por: &#8211; Corpo docente e pessoal t\u00e9cnico-administrativo; &#8211; Colegiado do Instituto; &#8211; Chefia do Instituto; e &#8211; Instala\u00e7\u00f5es e demais recursos materiais.<\/p>\n","protected":false},"author":6,"featured_media":0,"parent":0,"menu_order":0,"comment_status":"closed","ping_status":"closed","template":"","meta":{"footnotes":""},"class_list":["post-2881","page","type-page","status-publish","hentry"],"_links":{"self":[{"href":"https:\/\/ibp.crp.ufv.br\/index.php?rest_route=\/wp\/v2\/pages\/2881","targetHints":{"allow":["GET"]}}],"collection":[{"href":"https:\/\/ibp.crp.ufv.br\/index.php?rest_route=\/wp\/v2\/pages"}],"about":[{"href":"https:\/\/ibp.crp.ufv.br\/index.php?rest_route=\/wp\/v2\/types\/page"}],"author":[{"embeddable":true,"href":"https:\/\/ibp.crp.ufv.br\/index.php?rest_route=\/wp\/v2\/users\/6"}],"replies":[{"embeddable":true,"href":"https:\/\/ibp.crp.ufv.br\/index.php?rest_route=%2Fwp%2Fv2%2Fcomments&post=2881"}],"version-history":[{"count":3,"href":"https:\/\/ibp.crp.ufv.br\/index.php?rest_route=\/wp\/v2\/pages\/2881\/revisions"}],"predecessor-version":[{"id":2887,"href":"https:\/\/ibp.crp.ufv.br\/index.php?rest_route=\/wp\/v2\/pages\/2881\/revisions\/2887"}],"wp:attachment":[{"href":"https:\/\/ibp.crp.ufv.br\/index.php?rest_route=%2Fwp%2Fv2%2Fmedia&parent=2881"}],"curies":[{"name":"wp","href":"https:\/\/api.w.org\/{rel}","templated":true}]}}

<p><strong>A estrutura organizacional do IBP será composta por:</strong></p>
<p>&#8211; Corpo docente e pessoal técnico-administrativo;</p>
<p>&#8211; Colegiado do Instituto;</p>
<p>&#8211; Chefia do Instituto; e</p>
<p>&#8211; Instalações e demais recursos materiais.</p>


<p></p>

<p>A estrutura organizacional do IBP será composta por: &#8211; Corpo docente e pessoal técnico-administrativo; &#8211; Colegiado do Instituto; &#8211; Chefia do Instituto; e &#8211; Instalações e demais recursos materiais.</p>
