{"id":2787,"date":"2020-08-12T11:20:41","date_gmt":"2020-08-12T14:20:41","guid":{"rendered":"https:\/\/ibp.crp.ufv.br\/?page_id=2787"},"modified":"2024-07-23T14:52:36","modified_gmt":"2024-07-23T17:52:36","slug":"teste","status":"publish","type":"page","link":"https:\/\/ibp.crp.ufv.br\/?page_id=2787","title":{"rendered":"Formul\u00e1rios Monitorias"},"content":{"rendered":"<p><span style=\"color: #000080;\"><a style=\"color: #000080;\" href=\"https:\/\/ibp.crp.ufv.br\/wp-content\/uploads\/requerimento-de-inscri\u00e7\u00e3o-1.docx\">Requerimento de inscri\u00e7\u00e3o<\/a><\/span><\/p>\n<hr \/>\n<p><span style=\"color: #000080;\"><a style=\"color: #000080;\" href=\"https:\/\/ibp.crp.ufv.br\/wp-content\/uploads\/Ata-de-sele%C3%A7%C3%A3o-Monitoria.docx\">Ata de sele\u00e7\u00e3o Monitoria<\/a><\/span><\/p>\n<p><span style=\"color: #000080;\"><a style=\"color: #000080;\" href=\"https:\/\/ibp.crp.ufv.br\/wp-content\/uploads\/Plano-de-trabalho_Remunerado-monitor-I-ou-II.docx\">Plano de trabalho \u2013 n\u00edvel I ou II<\/a><\/span><\/p>\n<hr \/>\n<p><span style=\"color: #000080;\"><a style=\"color: #000080;\" href=\"https:\/\/ibp.crp.ufv.br\/wp-content\/uploads\/Termo-de-compromisso_Remunerado-N\u00edvel-I-IBP-2.docx\">Termo de compromisso \u2013 remunerado n\u00edvel I<\/a><\/span><\/p>\n<p><span style=\"color: #000080;\"><a style=\"color: #000080;\" href=\"https:\/\/ibp.crp.ufv.br\/wp-content\/uploads\/Termo-de-compromisso_Volunt\u00e1rio-N\u00edvel-I-IBP-2.docx\">Termo de compromisso \u2013 volunt\u00e1rio<\/a><\/span><\/p>\n<p><span style=\"color: #000080;\">Termo de compromisso \u2013 remunerado n\u00edvel II<\/span><\/p>\n<hr \/>\n<p><span style=\"color: #000080;\"><a style=\"color: #000080;\" href=\"https:\/\/ibp.crp.ufv.br\/wp-content\/uploads\/Relat%C3%B3rio-de-Frequ%C3%AAncia-Remunerado-.docx\">Relat\u00f3rio de Frequ\u00eancia e de Atividades de Monitoria<\/a><\/span><\/p>\n<p><span style=\"color: #000080;\"><a style=\"color: #000080;\" href=\"https:\/\/ibp.crp.ufv.br\/wp-content\/uploads\/rel_semest_ativ_monitoria.docx\">Relat\u00f3rio Semestral de Atividades de Monitoria<\/a><\/span><\/p>\n<hr \/>\n<p><span style=\"color: #000080;\"><a style=\"color: #000080;\" href=\"https:\/\/ibp.crp.ufv.br\/wp-content\/uploads\/Termo-de-rescis\u00e3o-de-monitoria-remunerada.docx\">Termo de rescis\u00e3o de monitoria remunerada<\/a><\/span><\/p>\n<p><span style=\"color: #000080;\"><a style=\"color: #000080;\" href=\"https:\/\/ibp.crp.ufv.br\/wp-content\/uploads\/Termo-de-rescis\u00e3o-de-monitoria-volunt\u00e1ria.docx\">Termo de rescis\u00e3o de monitoria volunt\u00e1ria<\/a><\/span><\/p>\n<p><span style=\"color: #000080;\"><a style=\"color: #000080;\" href=\"https:\/\/ibp.crp.ufv.br\/wp-content\/uploads\/Termo-de-rescis\u00e3o-de-Tutoria.docx\">Termo de rescis\u00e3o de Tutoria<\/a><\/span><\/p>\n","protected":false},"excerpt":{"rendered":"<p>Requerimento de inscri\u00e7\u00e3o Ata de sele\u00e7\u00e3o Monitoria Plano de trabalho \u2013 n\u00edvel I ou II Termo de compromisso \u2013 remunerado n\u00edvel I Termo de compromisso \u2013 volunt\u00e1rio Termo de compromisso \u2013 remunerado n\u00edvel II Relat\u00f3rio de Frequ\u00eancia e de Atividades de Monitoria Relat\u00f3rio Semestral de Atividades de Monitoria Termo de rescis\u00e3o de monitoria remunerada Termo [&hellip;]<\/p>\n","protected":false},"author":6,"featured_media":0,"parent":0,"menu_order":0,"comment_status":"closed","ping_status":"closed","template":"","meta":{"footnotes":""},"class_list":["post-2787","page","type-page","status-publish","hentry"],"_links":{"self":[{"href":"https:\/\/ibp.crp.ufv.br\/index.php?rest_route=\/wp\/v2\/pages\/2787","targetHints":{"allow":["GET"]}}],"collection":[{"href":"https:\/\/ibp.crp.ufv.br\/index.php?rest_route=\/wp\/v2\/pages"}],"about":[{"href":"https:\/\/ibp.crp.ufv.br\/index.php?rest_route=\/wp\/v2\/types\/page"}],"author":[{"embeddable":true,"href":"https:\/\/ibp.crp.ufv.br\/index.php?rest_route=\/wp\/v2\/users\/6"}],"replies":[{"embeddable":true,"href":"https:\/\/ibp.crp.ufv.br\/index.php?rest_route=%2Fwp%2Fv2%2Fcomments&post=2787"}],"version-history":[{"count":35,"href":"https:\/\/ibp.crp.ufv.br\/index.php?rest_route=\/wp\/v2\/pages\/2787\/revisions"}],"predecessor-version":[{"id":3397,"href":"https:\/\/ibp.crp.ufv.br\/index.php?rest_route=\/wp\/v2\/pages\/2787\/revisions\/3397"}],"wp:attachment":[{"href":"https:\/\/ibp.crp.ufv.br\/index.php?rest_route=%2Fwp%2Fv2%2Fmedia&parent=2787"}],"curies":[{"name":"wp","href":"https:\/\/api.w.org\/{rel}","templated":true}]}}

Formulários Monitorias

<p><span style="color: #000080;"><a style="color: #000080;" href="https://ibp.crp.ufv.br/wp-content/uploads/requerimento-de-inscrição-1.docx">Requerimento de inscrição</a></span></p>
<hr />
<p><span style="color: #000080;"><a style="color: #000080;" href="https://ibp.crp.ufv.br/wp-content/uploads/Ata-de-sele%C3%A7%C3%A3o-Monitoria.docx">Ata de seleção Monitoria</a></span></p>
<p><span style="color: #000080;"><a style="color: #000080;" href="https://ibp.crp.ufv.br/wp-content/uploads/Plano-de-trabalho_Remunerado-monitor-I-ou-II.docx">Plano de trabalho – nível I ou II</a></span></p>
<hr />
<p><span style="color: #000080;"><a style="color: #000080;" href="https://ibp.crp.ufv.br/wp-content/uploads/Termo-de-compromisso_Remunerado-Nível-I-IBP-2.docx">Termo de compromisso – remunerado nível I</a></span></p>
<p><span style="color: #000080;"><a style="color: #000080;" href="https://ibp.crp.ufv.br/wp-content/uploads/Termo-de-compromisso_Voluntário-Nível-I-IBP-2.docx">Termo de compromisso – voluntário</a></span></p>
<p><span style="color: #000080;">Termo de compromisso – remunerado nível II</span></p>
<hr />
<p><span style="color: #000080;"><a style="color: #000080;" href="https://ibp.crp.ufv.br/wp-content/uploads/Relat%C3%B3rio-de-Frequ%C3%AAncia-Remunerado-.docx">Relatório de Frequência e de Atividades de Monitoria</a></span></p>
<p><span style="color: #000080;"><a style="color: #000080;" href="https://ibp.crp.ufv.br/wp-content/uploads/rel_semest_ativ_monitoria.docx">Relatório Semestral de Atividades de Monitoria</a></span></p>
<hr />
<p><span style="color: #000080;"><a style="color: #000080;" href="https://ibp.crp.ufv.br/wp-content/uploads/Termo-de-rescisão-de-monitoria-remunerada.docx">Termo de rescisão de monitoria remunerada</a></span></p>
<p><span style="color: #000080;"><a style="color: #000080;" href="https://ibp.crp.ufv.br/wp-content/uploads/Termo-de-rescisão-de-monitoria-voluntária.docx">Termo de rescisão de monitoria voluntária</a></span></p>
<p><span style="color: #000080;"><a style="color: #000080;" href="https://ibp.crp.ufv.br/wp-content/uploads/Termo-de-rescisão-de-Tutoria.docx">Termo de rescisão de Tutoria</a></span></p>

<p>Requerimento de inscrição Ata de seleção Monitoria Plano de trabalho – nível I ou II Termo de compromisso – remunerado nível I Termo de compromisso – voluntário Termo de compromisso – remunerado nível II Relatório de Frequência e de Atividades de Monitoria Relatório Semestral de Atividades de Monitoria Termo de rescisão de monitoria remunerada Termo [&hellip;]</p>
