{"id":2665,"date":"2020-03-04T07:52:36","date_gmt":"2020-03-04T10:52:36","guid":{"rendered":"https:\/\/ibp.crp.ufv.br\/?page_id=2665"},"modified":"2025-03-26T08:46:55","modified_gmt":"2025-03-26T11:46:55","slug":"editais-de-bolsistas","status":"publish","type":"page","link":"https:\/\/ibp.crp.ufv.br\/?page_id=2665","title":{"rendered":"Sele\u00e7\u00e3o para Estagi\u00e1rio"},"content":{"rendered":"<p>O Instituto de Ci\u00eancias Biol\u00f3gicas e da Sa\u00fade do <em>Campus<\/em> Rio Parana\u00edba da Universidade Federal de Vi\u00e7osa, atrav\u00e9s do presente edital, informa que se encontram abertas, at\u00e9 o dia 10 de mar\u00e7o de 2020, inscri\u00e7\u00f5es para sele\u00e7\u00e3o de estagi\u00e1rio para <span style=\"color: #000080;\"><strong>atender no Ambulat\u00f3rio de Aten\u00e7\u00e3o Nutricional (casa) da UFV-CRP, nas fun\u00e7\u00f5es de controle de acesso do p\u00fablico no ambulat\u00f3rio, aux\u00edlio na log\u00edstica do atendimento ao p\u00fablico, organiza\u00e7\u00e3o do ambulat\u00f3rio, marca\u00e7\u00e3o de consultas e outras atividades que se fizerem necess\u00e1rias ao bom funcionamento do ambulat\u00f3rio<\/strong><\/span>, em conformidade com a Lei N\u00ba 11.788, de 25 de setembro de 2008, e demais normas aplic\u00e1veis.<\/p>\n<h4><span style=\"color: #ff0000;\"><strong><a style=\"color: #ff0000;\" href=\"https:\/\/ibp.crp.ufv.br\/wp-content\/uploads\/Edital-bolsistas-ambulat\u00f3rio-2020.pdf\" target=\"_blank\" rel=\"noopener noreferrer\">Edital<\/a><\/strong><\/span><\/h4>\n<p>As Inscri\u00e7\u00f5es para o processo seletivo dever\u00e3o realizadas atrav\u00e9s do link abaixo, no per\u00edodo de <strong>15 horas do dia 04 de mar\u00e7o \u00e0s 23:59h do dia 10 de mar\u00e7o de 2020.<\/strong><\/p>\n<h4><a href=\"https:\/\/docs.google.com\/forms\/d\/e\/1FAIpQLSc143tlMOK6J5--KKS3s9zd8KwOITsKqcWZYr4QnDAFfym1RQ\/viewform?usp=sf_link\" target=\"_blank\" rel=\"noopener noreferrer\"><strong><span style=\"color: #ff0000;\">Fa\u00e7a sua inscri\u00e7\u00e3o aqui.<\/span><\/strong><\/a><\/h4>\n<p>ou<\/p>\n<p><a href=\"https:\/\/docs.google.com\/forms\/d\/e\/1FAIpQLSc143tlMOK6J5--KKS3s9zd8KwOITsKqcWZYr4QnDAFfym1RQ\/viewform?usp=sf_link\" target=\"_blank\" rel=\"noopener noreferrer\">https:\/\/docs.google.com\/forms\/d\/e\/1FAIpQLSc143tlMOK6J5&#8211;KKS3s9zd8KwOITsKqcWZYr4QnDAFfym1RQ\/viewform?usp=sf_link<\/a><\/p>\n<p><strong>Observa\u00e7\u00f5es:<\/strong><\/p>\n<ul>\n<li><strong><span style=\"color: #ff0000;\"> Todo o processo de inscri\u00e7\u00e3o ser\u00e1 on-line e realizado atrav\u00e9s do preenchimento do formul\u00e1rio dispon\u00edvel no link acima.<\/span><\/strong><\/li>\n<li><strong><span style=\"color: #ff0000;\">No ato de inscri\u00e7\u00e3o, nenhuma documenta\u00e7\u00e3o ser\u00e1 entregue no Instituto de Ci\u00eancias Biol\u00f3gicas e da Sa\u00fade (IBP).<\/span><\/strong><\/li>\n<li><strong><span style=\"color: #ff0000;\">Todas a<\/span><\/strong><strong><span style=\"color: #ff0000;\">s informa\u00e7\u00f5es referentes ao processo seletivo encontram-se no edital.<\/span><\/strong><\/li>\n<\/ul>\n","protected":false},"excerpt":{"rendered":"<p>O Instituto de Ci\u00eancias Biol\u00f3gicas e da Sa\u00fade do Campus Rio Parana\u00edba da Universidade Federal de Vi\u00e7osa, atrav\u00e9s do presente edital, informa que se encontram abertas, at\u00e9 o dia 10 de mar\u00e7o de 2020, inscri\u00e7\u00f5es para sele\u00e7\u00e3o de estagi\u00e1rio para atender no Ambulat\u00f3rio de Aten\u00e7\u00e3o Nutricional (casa) da UFV-CRP, nas fun\u00e7\u00f5es de controle de acesso [&hellip;]<\/p>\n","protected":false},"author":6,"featured_media":0,"parent":0,"menu_order":0,"comment_status":"closed","ping_status":"closed","template":"","meta":{"footnotes":""},"class_list":["post-2665","page","type-page","status-publish","hentry"],"_links":{"self":[{"href":"https:\/\/ibp.crp.ufv.br\/index.php?rest_route=\/wp\/v2\/pages\/2665","targetHints":{"allow":["GET"]}}],"collection":[{"href":"https:\/\/ibp.crp.ufv.br\/index.php?rest_route=\/wp\/v2\/pages"}],"about":[{"href":"https:\/\/ibp.crp.ufv.br\/index.php?rest_route=\/wp\/v2\/types\/page"}],"author":[{"embeddable":true,"href":"https:\/\/ibp.crp.ufv.br\/index.php?rest_route=\/wp\/v2\/users\/6"}],"replies":[{"embeddable":true,"href":"https:\/\/ibp.crp.ufv.br\/index.php?rest_route=%2Fwp%2Fv2%2Fcomments&post=2665"}],"version-history":[{"count":13,"href":"https:\/\/ibp.crp.ufv.br\/index.php?rest_route=\/wp\/v2\/pages\/2665\/revisions"}],"predecessor-version":[{"id":3469,"href":"https:\/\/ibp.crp.ufv.br\/index.php?rest_route=\/wp\/v2\/pages\/2665\/revisions\/3469"}],"wp:attachment":[{"href":"https:\/\/ibp.crp.ufv.br\/index.php?rest_route=%2Fwp%2Fv2%2Fmedia&parent=2665"}],"curies":[{"name":"wp","href":"https:\/\/api.w.org\/{rel}","templated":true}]}}

Seleção para Estagiário

<p>O Instituto de Ciências Biológicas e da Saúde do <em>Campus</em> Rio Paranaíba da Universidade Federal de Viçosa, através do presente edital, informa que se encontram abertas, até o dia 10 de março de 2020, inscrições para seleção de estagiário para <span style="color: #000080;"><strong>atender no Ambulatório de Atenção Nutricional (casa) da UFV-CRP, nas funções de controle de acesso do público no ambulatório, auxílio na logística do atendimento ao público, organização do ambulatório, marcação de consultas e outras atividades que se fizerem necessárias ao bom funcionamento do ambulatório</strong></span>, em conformidade com a Lei Nº 11.788, de 25 de setembro de 2008, e demais normas aplicáveis.</p>
<h4><span style="color: #ff0000;"><strong><a style="color: #ff0000;" href="https://ibp.crp.ufv.br/wp-content/uploads/Edital-bolsistas-ambulatório-2020.pdf" target="_blank" rel="noopener noreferrer">Edital</a></strong></span></h4>
<p>As Inscrições para o processo seletivo deverão realizadas através do link abaixo, no período de <strong>15 horas do dia 04 de março às 23:59h do dia 10 de março de 2020.</strong></p>
<h4><a href="https://docs.google.com/forms/d/e/1FAIpQLSc143tlMOK6J5--KKS3s9zd8KwOITsKqcWZYr4QnDAFfym1RQ/viewform?usp=sf_link" target="_blank" rel="noopener noreferrer"><strong><span style="color: #ff0000;">Faça sua inscrição aqui.</span></strong></a></h4>
<p>ou</p>
<p><a href="https://docs.google.com/forms/d/e/1FAIpQLSc143tlMOK6J5--KKS3s9zd8KwOITsKqcWZYr4QnDAFfym1RQ/viewform?usp=sf_link" target="_blank" rel="noopener noreferrer">https://docs.google.com/forms/d/e/1FAIpQLSc143tlMOK6J5&#8211;KKS3s9zd8KwOITsKqcWZYr4QnDAFfym1RQ/viewform?usp=sf_link</a></p>
<p><strong>Observações:</strong></p>
<ul>
<li><strong><span style="color: #ff0000;"> Todo o processo de inscrição será on-line e realizado através do preenchimento do formulário disponível no link acima.</span></strong></li>
<li><strong><span style="color: #ff0000;">No ato de inscrição, nenhuma documentação será entregue no Instituto de Ciências Biológicas e da Saúde (IBP).</span></strong></li>
<li><strong><span style="color: #ff0000;">Todas a</span></strong><strong><span style="color: #ff0000;">s informações referentes ao processo seletivo encontram-se no edital.</span></strong></li>
</ul>

<p>O Instituto de Ciências Biológicas e da Saúde do Campus Rio Paranaíba da Universidade Federal de Viçosa, através do presente edital, informa que se encontram abertas, até o dia 10 de março de 2020, inscrições para seleção de estagiário para atender no Ambulatório de Atenção Nutricional (casa) da UFV-CRP, nas funções de controle de acesso [&hellip;]</p>
