{"id":2295,"date":"2019-09-18T10:18:54","date_gmt":"2019-09-18T13:18:54","guid":{"rendered":"https:\/\/ibp.crp.ufv.br\/?page_id=2295"},"modified":"2022-06-01T21:45:32","modified_gmt":"2022-06-02T00:45:32","slug":"menu04-2","status":"publish","type":"page","link":"https:\/\/ibp.crp.ufv.br\/?page_id=2295","title":{"rendered":"Links \u00dateis"},"content":{"rendered":"<p><strong>IBP<\/strong><\/p>\n<p><a href=\"https:\/\/ibp.crp.ufv.br\/?page_id=3228\">Planejamento de Transportes compartilhados<\/a><\/p>\n<p><strong>Conselhos:<\/strong><\/p>\n<p><a href=\"http:\/\/www.soc.ufv.br\/?page_id=157\">CEPE &#8211; Conselho de Ensino, Pesquisa e Extens\u00e3o<\/a><br \/>\n<a href=\"http:\/\/www.soc.ufv.br\/?page_id=163\">CONSU &#8211; Conselho Universit\u00e1rio<\/a><br \/>\n<a href=\"https:\/\/www.ufv.br\/conselhos-rio-paranaiba\/\">COAD &#8211; Conselho Acad\u00eamico-Administrativo<\/a><\/p>\n<p><b>Sistemas Acad\u00eamicos\u00a0e Administrativos:<\/b><\/p>\n<p><a href=\"http:\/\/www.dti.ufv.br\/ensino\/\">Consulta aulas Coordenadas e Ministradas<\/a><br \/>\n<a style=\"font-style: normal; font-weight: 300;\" href=\"https:\/\/telefones.crp.ufv.br\/grid_vcatalogotelefonico\/\">Cat\u00e1logo Telef\u00f4nico &#8211; Campus Rio Parana\u00edba<\/a><br \/>\n<a href=\"http:\/\/net-server.cpd.ufv.br\/SisProcesso\/\">Sistema de Controle de Processos da UFV (antigo)<\/a><br \/>\n<a style=\"font-style: normal; font-weight: 300;\" href=\"https:\/\/www.ufv.br\/sistemas-administrativos-campus-rio-paranaiba\/\">Sistemas administrativos &#8211; Campus Rio Parana\u00edba<\/a><br \/>\n<a href=\"http:\/\/www.ppg.ufv.br\/?page_id=327\">Sistemas PPG<\/a><br \/>\n<a href=\"https:\/\/www.pvanet.ufv.br\">PVANet<\/a><br \/>\n<a href=\"https:\/\/www.dti.ufv.br\/radocnew\/\">Radoc<\/a><br \/>\n<a href=\"https:\/\/sapiens.dti.ufv.br\/sapiens_redireciona\/\">Sapiens<\/a><\/p>\n<p><strong>Legisla\u00e7\u00e3o:<\/strong><\/p>\n<p><a href=\"http:\/\/www.pgp.ufv.br\/?page_id=166\">Gest\u00e3o de pessoas<\/a><br \/>\n<a href=\"http:\/\/www.soc.ufv.br\/?page_id=16258\">Resolu\u00e7\u00f5es CONSU<\/a><br \/>\n<a href=\"http:\/\/www.soc.ufv.br\/?page_id=16476\">Resolu\u00e7\u00f5es CEPE<\/a><a href=\"http:\/\/www.soc.ufv.br\/?page_id=16476\"><br \/>\n<\/a><a href=\"http:\/\/www.ppg.ufv.br\/\">P\u00f3s-gradua\u00e7\u00e3o<\/a><\/p>\n<p><strong>Concursos:<\/strong><\/p>\n<p><a href=\"http:\/\/www.soc.ufv.br\/?page_id=1392\">Carreira Docente<\/a><br \/>\n<a href=\"http:\/\/www.pgp.ufv.br\/?page_id=456\">Carreira T\u00e9cnico-Administrativa<\/a><\/p>\n","protected":false},"excerpt":{"rendered":"<p>IBP Planejamento de Transportes compartilhados Conselhos: CEPE &#8211; Conselho de Ensino, Pesquisa e Extens\u00e3o CONSU &#8211; Conselho Universit\u00e1rio COAD &#8211; Conselho Acad\u00eamico-Administrativo Sistemas Acad\u00eamicos\u00a0e Administrativos: Consulta aulas Coordenadas e Ministradas Cat\u00e1logo Telef\u00f4nico &#8211; Campus Rio Parana\u00edba Sistema de Controle de Processos da UFV (antigo) Sistemas administrativos &#8211; Campus Rio Parana\u00edba Sistemas PPG PVANet Radoc Sapiens [&hellip;]<\/p>\n","protected":false},"author":1,"featured_media":0,"parent":0,"menu_order":0,"comment_status":"closed","ping_status":"closed","template":"","meta":{"footnotes":""},"class_list":["post-2295","page","type-page","status-publish","hentry"],"_links":{"self":[{"href":"https:\/\/ibp.crp.ufv.br\/index.php?rest_route=\/wp\/v2\/pages\/2295","targetHints":{"allow":["GET"]}}],"collection":[{"href":"https:\/\/ibp.crp.ufv.br\/index.php?rest_route=\/wp\/v2\/pages"}],"about":[{"href":"https:\/\/ibp.crp.ufv.br\/index.php?rest_route=\/wp\/v2\/types\/page"}],"author":[{"embeddable":true,"href":"https:\/\/ibp.crp.ufv.br\/index.php?rest_route=\/wp\/v2\/users\/1"}],"replies":[{"embeddable":true,"href":"https:\/\/ibp.crp.ufv.br\/index.php?rest_route=%2Fwp%2Fv2%2Fcomments&post=2295"}],"version-history":[{"count":21,"href":"https:\/\/ibp.crp.ufv.br\/index.php?rest_route=\/wp\/v2\/pages\/2295\/revisions"}],"predecessor-version":[{"id":3256,"href":"https:\/\/ibp.crp.ufv.br\/index.php?rest_route=\/wp\/v2\/pages\/2295\/revisions\/3256"}],"wp:attachment":[{"href":"https:\/\/ibp.crp.ufv.br\/index.php?rest_route=%2Fwp%2Fv2%2Fmedia&parent=2295"}],"curies":[{"name":"wp","href":"https:\/\/api.w.org\/{rel}","templated":true}]}}

Links Úteis

<p><strong>IBP</strong></p>
<p><a href="https://ibp.crp.ufv.br/?page_id=3228">Planejamento de Transportes compartilhados</a></p>
<p><strong>Conselhos:</strong></p>
<p><a href="http://www.soc.ufv.br/?page_id=157">CEPE &#8211; Conselho de Ensino, Pesquisa e Extensão</a><br />
<a href="http://www.soc.ufv.br/?page_id=163">CONSU &#8211; Conselho Universitário</a><br />
<a href="https://www.ufv.br/conselhos-rio-paranaiba/">COAD &#8211; Conselho Acadêmico-Administrativo</a></p>
<p><b>Sistemas Acadêmicos e Administrativos:</b></p>
<p><a href="http://www.dti.ufv.br/ensino/">Consulta aulas Coordenadas e Ministradas</a><br />
<a style="font-style: normal; font-weight: 300;" href="https://telefones.crp.ufv.br/grid_vcatalogotelefonico/">Catálogo Telefônico &#8211; Campus Rio Paranaíba</a><br />
<a href="http://net-server.cpd.ufv.br/SisProcesso/">Sistema de Controle de Processos da UFV (antigo)</a><br />
<a style="font-style: normal; font-weight: 300;" href="https://www.ufv.br/sistemas-administrativos-campus-rio-paranaiba/">Sistemas administrativos &#8211; Campus Rio Paranaíba</a><br />
<a href="http://www.ppg.ufv.br/?page_id=327">Sistemas PPG</a><br />
<a href="https://www.pvanet.ufv.br">PVANet</a><br />
<a href="https://www.dti.ufv.br/radocnew/">Radoc</a><br />
<a href="https://sapiens.dti.ufv.br/sapiens_redireciona/">Sapiens</a></p>
<p><strong>Legislação:</strong></p>
<p><a href="http://www.pgp.ufv.br/?page_id=166">Gestão de pessoas</a><br />
<a href="http://www.soc.ufv.br/?page_id=16258">Resoluções CONSU</a><br />
<a href="http://www.soc.ufv.br/?page_id=16476">Resoluções CEPE</a><a href="http://www.soc.ufv.br/?page_id=16476"><br />
</a><a href="http://www.ppg.ufv.br/">Pós-graduação</a></p>
<p><strong>Concursos:</strong></p>
<p><a href="http://www.soc.ufv.br/?page_id=1392">Carreira Docente</a><br />
<a href="http://www.pgp.ufv.br/?page_id=456">Carreira Técnico-Administrativa</a></p>

<p>IBP Planejamento de Transportes compartilhados Conselhos: CEPE &#8211; Conselho de Ensino, Pesquisa e Extensão CONSU &#8211; Conselho Universitário COAD &#8211; Conselho Acadêmico-Administrativo Sistemas Acadêmicos e Administrativos: Consulta aulas Coordenadas e Ministradas Catálogo Telefônico &#8211; Campus Rio Paranaíba Sistema de Controle de Processos da UFV (antigo) Sistemas administrativos &#8211; Campus Rio Paranaíba Sistemas PPG PVANet Radoc Sapiens [&hellip;]</p>
