{"id":2291,"date":"2019-09-18T10:18:40","date_gmt":"2019-09-18T13:18:40","guid":{"rendered":"https:\/\/ibp.crp.ufv.br\/?page_id=2291"},"modified":"2025-03-26T08:42:48","modified_gmt":"2025-03-26T11:42:48","slug":"menu02-2","status":"publish","type":"page","link":"https:\/\/ibp.crp.ufv.br\/?page_id=2291","title":{"rendered":"Concursos e Sele\u00e7\u00f5es"},"content":{"rendered":"<p><strong><span style=\"color: #ff0000;\"><a style=\"color: #ff0000;\" href=\"http:\/\/www.soc.ufv.br\/?page_id=1392\">Concursos para carreira Docente<\/a><\/span><\/strong><\/p>\n<p><strong><span style=\"color: #ff0000;\"><a style=\"color: #ff0000;\" href=\"http:\/\/www.pgp.ufv.br\/?page_id=456\">Concursos para carreira T\u00e9cnico-Administrativa<\/a><\/span><\/strong><\/p>\n<p><strong><span style=\"color: #ff0000;\"><a style=\"color: #ff0000;\" href=\"https:\/\/ibp.crp.ufv.br\/?page_id=2351\">Sele\u00e7\u00e3o de Monitores<\/a><\/span><\/strong><\/p>\n<p><strong><span style=\"color: #ff0000;\"><a style=\"color: #ff0000;\" href=\"https:\/\/ibp.crp.ufv.br\/?page_id=2665\">Sele\u00e7\u00e3o para Estagi\u00e1rio<\/a><\/span><\/strong><\/p>\n","protected":false},"excerpt":{"rendered":"<p>Concursos para carreira Docente Concursos para carreira T\u00e9cnico-Administrativa Sele\u00e7\u00e3o de Monitores Sele\u00e7\u00e3o para Estagi\u00e1rio<\/p>\n","protected":false},"author":1,"featured_media":0,"parent":0,"menu_order":0,"comment_status":"closed","ping_status":"closed","template":"","meta":{"footnotes":""},"class_list":["post-2291","page","type-page","status-publish","hentry"],"_links":{"self":[{"href":"https:\/\/ibp.crp.ufv.br\/index.php?rest_route=\/wp\/v2\/pages\/2291","targetHints":{"allow":["GET"]}}],"collection":[{"href":"https:\/\/ibp.crp.ufv.br\/index.php?rest_route=\/wp\/v2\/pages"}],"about":[{"href":"https:\/\/ibp.crp.ufv.br\/index.php?rest_route=\/wp\/v2\/types\/page"}],"author":[{"embeddable":true,"href":"https:\/\/ibp.crp.ufv.br\/index.php?rest_route=\/wp\/v2\/users\/1"}],"replies":[{"embeddable":true,"href":"https:\/\/ibp.crp.ufv.br\/index.php?rest_route=%2Fwp%2Fv2%2Fcomments&post=2291"}],"version-history":[{"count":7,"href":"https:\/\/ibp.crp.ufv.br\/index.php?rest_route=\/wp\/v2\/pages\/2291\/revisions"}],"predecessor-version":[{"id":3461,"href":"https:\/\/ibp.crp.ufv.br\/index.php?rest_route=\/wp\/v2\/pages\/2291\/revisions\/3461"}],"wp:attachment":[{"href":"https:\/\/ibp.crp.ufv.br\/index.php?rest_route=%2Fwp%2Fv2%2Fmedia&parent=2291"}],"curies":[{"name":"wp","href":"https:\/\/api.w.org\/{rel}","templated":true}]}}

Concursos e Seleções

<p><strong><span style="color: #ff0000;"><a style="color: #ff0000;" href="http://www.soc.ufv.br/?page_id=1392">Concursos para carreira Docente</a></span></strong></p>
<p><strong><span style="color: #ff0000;"><a style="color: #ff0000;" href="http://www.pgp.ufv.br/?page_id=456">Concursos para carreira Técnico-Administrativa</a></span></strong></p>
<p><strong><span style="color: #ff0000;"><a style="color: #ff0000;" href="https://ibp.crp.ufv.br/?page_id=2351">Seleção de Monitores</a></span></strong></p>
<p><strong><span style="color: #ff0000;"><a style="color: #ff0000;" href="https://ibp.crp.ufv.br/?page_id=2665">Seleção para Estagiário</a></span></strong></p>

<p>Concursos para carreira Docente Concursos para carreira Técnico-Administrativa Seleção de Monitores Seleção para Estagiário</p>
