{"id":2263,"date":"2019-09-18T08:53:21","date_gmt":"2019-09-18T11:53:21","guid":{"rendered":"https:\/\/ibp.crp.ufv.br\/?page_id=2263"},"modified":"2020-12-18T10:17:44","modified_gmt":"2020-12-18T13:17:44","slug":"apresentacao","status":"publish","type":"page","link":"https:\/\/ibp.crp.ufv.br\/?page_id=2263","title":{"rendered":"Apresenta\u00e7\u00e3o"},"content":{"rendered":"<p>O Instituto de Ci\u00eancias Biol\u00f3gicas e da Sa\u00fade (IBP), vinculado \u00e0 Diretoria Geral do <em>campus <\/em>UFV Rio Parana\u00edba, \u00e9 a unidade respons\u00e1vel pelo ensino, pesquisa, extens\u00e3o e atividades afins, em sua \u00e1rea de compet\u00eancia na Universidade, compreendendo corpo docente e pessoal t\u00e9cnico-administrativo, instala\u00e7\u00f5es, \u00e1reas experimentais, equipamentos e materiais necess\u00e1rios \u00e0 execu\u00e7\u00e3o de seus objetivos.<\/p>\n<p>O Instituto de Ci\u00eancias Biol\u00f3gicas e da Sa\u00fade dever\u00e1 especializar-se na pesquisa fundamental e aplicada e no ensino, em sua \u00e1rea de conhecimento, refor\u00e7ando sua base cient\u00edfica de apoio ao ensino t\u00e9cnico, de gradua\u00e7\u00e3o e p\u00f3s-gradua\u00e7\u00e3o e sua contribui\u00e7\u00e3o \u00e0 pesquisa e \u00e0 extens\u00e3o na Universidade.<br \/>\n<!--StartFragment--><\/p>\n<p>Assim, o Instituto de Ci\u00eancias Biol\u00f3gicas e da Sa\u00fade possui a compet\u00eancia de auxiliar e gerenciar os docentes e discente vinculados \u00e0s disciplinas dos cursos de <a href=\"http:\/\/www.blg.crp.ufv.br\/\">Ci\u00eancias Biol\u00f3gicas<\/a> e <a href=\"http:\/\/www.ntr.crp.ufv.br\/\">Nutri\u00e7\u00e3o<\/a>.<\/p>\n","protected":false},"excerpt":{"rendered":"<p>O Instituto de Ci\u00eancias Biol\u00f3gicas e da Sa\u00fade (IBP), vinculado \u00e0 Diretoria Geral do campus UFV Rio Parana\u00edba, \u00e9 a unidade respons\u00e1vel pelo ensino, pesquisa, extens\u00e3o e atividades afins, em sua \u00e1rea de compet\u00eancia na Universidade, compreendendo corpo docente e pessoal t\u00e9cnico-administrativo, instala\u00e7\u00f5es, \u00e1reas experimentais, equipamentos e materiais necess\u00e1rios \u00e0 execu\u00e7\u00e3o de seus objetivos. O [&hellip;]<\/p>\n","protected":false},"author":6,"featured_media":0,"parent":1894,"menu_order":0,"comment_status":"closed","ping_status":"closed","template":"","meta":{"footnotes":""},"class_list":["post-2263","page","type-page","status-publish","hentry"],"_links":{"self":[{"href":"https:\/\/ibp.crp.ufv.br\/index.php?rest_route=\/wp\/v2\/pages\/2263","targetHints":{"allow":["GET"]}}],"collection":[{"href":"https:\/\/ibp.crp.ufv.br\/index.php?rest_route=\/wp\/v2\/pages"}],"about":[{"href":"https:\/\/ibp.crp.ufv.br\/index.php?rest_route=\/wp\/v2\/types\/page"}],"author":[{"embeddable":true,"href":"https:\/\/ibp.crp.ufv.br\/index.php?rest_route=\/wp\/v2\/users\/6"}],"replies":[{"embeddable":true,"href":"https:\/\/ibp.crp.ufv.br\/index.php?rest_route=%2Fwp%2Fv2%2Fcomments&post=2263"}],"version-history":[{"count":3,"href":"https:\/\/ibp.crp.ufv.br\/index.php?rest_route=\/wp\/v2\/pages\/2263\/revisions"}],"predecessor-version":[{"id":2880,"href":"https:\/\/ibp.crp.ufv.br\/index.php?rest_route=\/wp\/v2\/pages\/2263\/revisions\/2880"}],"up":[{"embeddable":true,"href":"https:\/\/ibp.crp.ufv.br\/index.php?rest_route=\/wp\/v2\/pages\/1894"}],"wp:attachment":[{"href":"https:\/\/ibp.crp.ufv.br\/index.php?rest_route=%2Fwp%2Fv2%2Fmedia&parent=2263"}],"curies":[{"name":"wp","href":"https:\/\/api.w.org\/{rel}","templated":true}]}}

Apresentação

<p>O Instituto de Ciências Biológicas e da Saúde (IBP), vinculado à Diretoria Geral do <em>campus </em>UFV Rio Paranaíba, é a unidade responsável pelo ensino, pesquisa, extensão e atividades afins, em sua área de competência na Universidade, compreendendo corpo docente e pessoal técnico-administrativo, instalações, áreas experimentais, equipamentos e materiais necessários à execução de seus objetivos.</p>
<p>O Instituto de Ciências Biológicas e da Saúde deverá especializar-se na pesquisa fundamental e aplicada e no ensino, em sua área de conhecimento, reforçando sua base científica de apoio ao ensino técnico, de graduação e pós-graduação e sua contribuição à pesquisa e à extensão na Universidade.<br />
<!--StartFragment--></p>
<p>Assim, o Instituto de Ciências Biológicas e da Saúde possui a competência de auxiliar e gerenciar os docentes e discente vinculados às disciplinas dos cursos de <a href="http://www.blg.crp.ufv.br/">Ciências Biológicas</a> e <a href="http://www.ntr.crp.ufv.br/">Nutrição</a>.</p>

<p>O Instituto de Ciências Biológicas e da Saúde (IBP), vinculado à Diretoria Geral do campus UFV Rio Paranaíba, é a unidade responsável pelo ensino, pesquisa, extensão e atividades afins, em sua área de competência na Universidade, compreendendo corpo docente e pessoal técnico-administrativo, instalações, áreas experimentais, equipamentos e materiais necessários à execução de seus objetivos. O [&hellip;]</p>
